t r(i) = a*o(i) + 2*m(i). Determine r(-13).
-22
Let n(b) = 17*b**3 - 44*b**2 + 13*b - 61. Let s(d) = 5*d**3 - 14*d**2 + 5*d - 20. Let q(g) = -2*n(g) + 7*s(g). What is q(9)?
-18
Suppose 0 = 120*l - 113*l - 6825. Let j(s) = -s - l + 2*s + 978. What is j(-5)?
-2
Suppose 3*b + 117 = 8*b + 4*s, 40 = 2*b + 5*s. Let f(o) = -o**3 + 25*o**2 + 2*o - 59. What is f(b)?
-9
Suppose 3*s = 4*l + 20 + 9, -102 = -5*s - l. Let d(r) be the second derivative of 0*r**3 + 1/20*r**5 + s*r + 11/2*r**2 + 1/12*r**4 + 0. What is d(0)?
11
Let n(a) = a - 12. Let k be ((-5)/(45/(-246)))/((-2)/(-6)). Suppose w - 66 = -k. Let z = w - -25. Give n(z).
-3
Let n be -1*(0/2)/(-2)*1. Let l(c) = -4*c - 7. Determine l(n).
-7
Let m = 12 - 8. Let k = m - 2. Let l(q) = -5*q - 2*q**2 + 0*q - 14*q**2 + 0*q**2 + 1 + 17*q**2. Calculate l(k).
-5
Let x(h) = h**2 - 3*h - 49. Let p = -549 + 557. Determine x(p).
-9
Let s(i) = i**2 + 5*i. Let y be (2 - -4)*15/18. Let d be -16 + y + (9 - 2). Calculate s(d).
-4
Suppose -30 = 124*r - 124 - 30. Let b(o) = -25*o**3 + o**2 + 2*o - 2. What is b(r)?
-24
Let f(j) = -573*j**3 - 582*j**3 - 36 + 22*j + 1154*j**3 - 22*j**2. Determine f(-23).
-13
Let i(p) = p + 142. Let j(v) = -v - 126. Let m(c) = 5*i(c) + 6*j(c). Determine m(-35).
-11
Let h(d) = -15*d**2 + 3*d + 54. Let v be h(2). Let m(l) be the third derivative of v + 2/3*l**3 - l**2 + 1/24*l**4 + 0*l. What is m(6)?
10
Let m = -407 - -443. Let s be (-7)/3*(39 - m). Let t(f) = 2*f**2 + 8*f + 5. What is t(s)?
47
Let w be (-204)/(-60) + 4/(-10). Let c(l) = 3 - 128*l + 3 + 9*l**2 - 25*l**3 + 117*l + 26*l**w. Give c(-10).
16
Let l(x) = 8*x + 13. Let j(i) = 18*i + 26. Let n(f) = 5*j(f) - 11*l(f). What is n(-9)?
-31
Let l = 9959 - 9957. Let x(f) be the first derivative of -9*f - 1/3*f**3 - 9/2*f**l + 18. What is x(-7)?
5
Let c be ((-67)/(-134))/(-1 - 10/(-8)). Let r(y) be the first derivative of -7 + 2*y**3 - 5/2*y**c - 3*y - 1/4*y**4. Calculate r(4).
9
Let t(o) = 322*o + 3856. Let i be t(-12). Let v(d) = -8*d - 3. Give v(i).
61
Let n(s) = 154*s + 124. Let x(i) = 92*i + 63. Let u(y) = -3*n(y) + 5*x(y). Give u(8).
-73
Let m be -9*(-3)/(-9)*-3. Let l(s) be the first derivative of -s**3/3 + 4*s**2 + 15*s - 603. What is l(m)?
6
Suppose -2*s = 4*s - 6. Let w be -2 - (6/2 + s). Let x be (-7)/(35/w)*(-25)/(-10). Let k(z) = 2*z**3 - 4*z**2 - 3. What is k(x)?
15
Let m = -29 + 32. Let y(x) = 13*x + 15. Let j(h) = -6*h - 7. Let c(a) = m*y(a) + 7*j(a). Let i = -17 - -14. Give c(i).
5
Let k(w) = 5*w**3 + 3*w**2 - 11*w - 3. Let t(x) = -12*x**3 - 7*x**2 + 22*x + 9. Let r(m) = 5*k(m) + 2*t(m). Give r(-5).
-42
Let g(c) be the third derivative of -c**4/24 + 7*c**3/6 + 14*c**2. Let q(f) = -31*f - 3. Let j be q(1). Let l = j + 28. Determine g(l).
13
Let k(n) = -n**2 - 3*n + 14. Let g be k(-5). Let y(v) be the first derivative of -10 - 4*v - v**3 - 3/2*v**2 + 1/4*v**4. Determine y(g).
0
Let m(z) be the first derivative of -z**3/3 + 11*z**2/2 + 97*z - 4593. Calculate m(17).
-5
Let a(j) = -8720 - 282*j + 8671 + 284*j. Calculate a(24).
-1
Let p(i) = -5*i**3 - 3*i**2 - 9*i + 3. Let a(q) = -10*q**3 - 5*q**2 - 14*q + 6. Let d(b) = -3*a(b) + 5*p(b). Calculate d(-1).
-5
Let z(k) = 97*k**2 - 4*k + 3. Let w be -21 + (39 - 289/17). Calculate z(w).
96
Let s(n) = -2*n**3 - 9*n**2 + 12*n + 48. Let f be s(-5). Let c(x) = -x**2 + 12*x + 3. Calculate c(f).
-10
Suppose -4*m = 12*m - 14 - 162. Let b(u) = 2*u**2 - 5*u - 193. Determine b(m).
-6
Let x(r) be the third derivative of -r**5/60 + r**4 + 109*r**3/6 - 25*r**2 + 1. Let y be x(28). Let f(a) = -2*a - 7. Give f(y).
-1
Let h(m) = 1. Let l(c) = -4*c + 12. Let p(r) = 12*h(r) - l(r). Let t be 13 - (6 - (-8 + 6 + 1/1)). Calculate p(t).
24
Let r(s) = 3*s - 73. Let d(w) = 2*w - 49. Let z(i) = 7*d(i) - 5*r(i). Let x(y) = 4. Let j(u) = 4*x(u) - z(u). Let n be (-2 - 0) + 14/2. What is j(n)?
-1
Let k(t) = 11*t - 4*t**2 - 63*t + 6*t**2 + 24*t + 16 + 15*t. Give k(9).
61
Let h(g) = -9*g**2 - 15*g + 10. Let s(q) = 20*q**2 + 32*q - 21. Let m(a) = -9*h(a) - 4*s(a). Give m(-7).
-6
Let z(t) = t**2 - t - 4. Let n be z(3). Suppose 7*l + 30 = n*l. Let y(i) be the second derivative of -i**3/2 - 7*i**2/2 - 45*i - 9. What is y(l)?
11
Let x = 83 - 79. Let c(l) = -1 + 3 - 1 + 1 + x*l. What is c(-2)?
-6
Let v(m) = -13*m - 1. Let p = 585 + -567. Let h(f) = 10*f - 179. Let g be h(p). What is v(g)?
-14
Let p(i) = i**3 + 13*i**2 - 33*i - 38. Suppose 21*n - o = 22*n + 17, 4*o = -2*n - 38. Calculate p(n).
7
Let m(r) = -116 - 104 + 4*r + 86 + 7*r. Calculate m(13).
9
Let a = 27 + -25. Let c(h) = -28 + 8*h + 46 - 23 + 3*h**a - 2*h**2. What is c(-4)?
-21
Let b(t) = -65*t - 2544. Let o be b(-39). Let s(h) = -2*h**2 - 27*h - 44. Give s(o).
37
Let q(l) be the second derivative of -1/20*l**5 + 5/6*l**4 - 87*l - 1/3*l**3 + 15/2*l**2 + 0. Calculate q(10).
-5
Let r = 389 + -345. Suppose -8*k = 3*k + r. Let l(m) be the second derivative of -m**4/12 + 2*m**2 - m. Give l(k).
-12
Let p(u) = u**2 - 115*u + 338. Let k be p(3). Suppose 2*h - 20 = -3*h. Suppose -2*f - k*f = h. Let o(x) = -6*x**3 + 1. Determine o(f).
7
Suppose -5*c - k + 219 = 0, 3*k + 2 = -1. Let r(a) = -40*a - 1 + 124*a - 39*a + 0*a**2 - a**2 - c*a. Give r(1).
-1
Let h(b) be the first derivative of -1/3*b**3 + 8 - 7*b - 7/2*b**2. Let z(d) = -2*d**2 - 2*d - 2. Let m be z(-2). What is h(m)?
-1
Let o(k) be the first derivative of -k**4/4 + 2*k**3/3 + k**2/2 - k + 2. Let q be 5*(14 - (-414)/(-30)). Calculate o(q).
1
Let s(r) = -2*r**2 + 3*r + 5. Let z(y) = -4*y**2 + 6*y + 9. Let w(g) = -5*s(g) + 3*z(g). Suppose 34*f = -2*d + 29*f - 9, -3*d + 4*f - 2 = 0. Determine w(d).
-12
Let k(d) = -2329*d**2 + 126 + 1165*d**2 + 20*d + 1162*d**2 - 7*d. Calculate k(12).
-6
Let m(t) = 6*t**3 + 3*t**2 + 16*t + 53. Let n(b) = 5*b**3 + 3*b**2 + 12*b + 42. Let f(h) = 4*m(h) - 5*n(h). Let s(w) = -3*w + 3. Let o be s(2). What is f(o)?
-10
Suppose -100 = -78*z + 58*z. Let h(w) = -w**3 + 7*w**2 - 12*w + 4. Determine h(z).
-6
Let m(t) = -30*t**2 + 152*t + 2. Let v be m(5). Let w(c) = -c**3 + 17*c**2 - 57*c - 30. Give w(v).
6
Let t(r) = 31*r + 10. Let y(j) = -5*j - 2. Let k(q) = -t(q) - 6*y(q). Suppose -p - 5*g = -0*p - 27, 4*p = -5*g + 63. Calculate k(p).
-10
Let i(m) = -m**3 - m**2 - m + 3. Let f be i(-2). Suppose -2*l - f*l = 814. Let y = l - -65. Let j(x) = -x**3 - 9*x**2 + x + 7. Determine j(y).
-2
Let w = -721 + 728. Let q(i) = -2*i - 4*i - 47 + w*i + 36. What is q(5)?
-6
Let l(n) = -5*n**2 + 14*n + 14. Let u(h) = -3*h**2 + 7*h + 7. Let t(x) = -4*l(x) + 7*u(x). Let y be ((-42)/14 + 1)*3. Give t(y).
-1
Let u(v) = 1. Let r(t) = t**3 - 3*t**2 + 2*t + 4. Let q(i) = -r(i) + 3*u(i). Suppose 12 = -3*m + 3*j, -323 = -2*m + 4*j - 345. Calculate q(m).
-7
Let o(d) = -6*d**2 - 5*d - 2. Let s(m) = -5*m**2 - 3*m. Let f(h) = 3*o(h) - 5*s(h). Give f(3).
57
Let t(z) = z**3 - 12*z**2 - 30*z + 31. Let k be t(14). Let n(p) = -k*p + 3 + 10*p - 9*p + 0 + p**2. Determine n(2).
3
Let m(j) = 1263*j**2 + 86 - 1264*j**2 - 13*j - 74. Determine m(-12).
24
Let b(d) = -d**2 + 59. Let a(g) = 234*g - 3517. Let o be a(15). Give b(o).
10
Let i(c) = -c**3 - 5*c**2 + 8*c + 5. Let u = 27122 + -27128. What is i(u)?
-7
Suppose 0 = -30*p + 33*p - 6. Let s(g) = -40*g + 17*g + 3 + 16*g. Calculate s(p).
-11
Let o(x) = 2*x**2 - 31*x - 10. Let v be o(16). Let q(u) = 422 - 427 - 4*u + 3*u. Determine q(v).
-11
Suppose -5 = -d + 5*f, f + 0*f = 5*d - 25. Let g(i) = -9*i**2 + 0*i**2 + 8*i**2 + 2*i**2 - 4*i - 2. Let m be g(d). Let p(k) = -k**2 + 4*k - 2. What is p(m)?
1
Let w(t) = t**3 - 9*t**2 + 5*t + 10. Suppose u + 2*u = 0, -l = 5*u - 134. Suppose -22*b = -l - 42. What is w(b)?
-14
Let x(o) = -o**3 + 12*o**2 + 7*o - 7. Let s be x(12). Suppose 0 = -10*m + 17*m + s. Let h(f) be the second derivative of f**3/6 + 3*f**2 - 5*f. Calculate h(m).
-5
Let s(r) = -2*r - 2. Let v = 77 - 75. Suppose -35 - 11 = -v*l. Suppose 18*t - 15 = l*t. What is s(t)?
4
Let p be 217/735 + (-2)/10 - 99/1848. Let o(d) be the third derivative of 0*d + 0*d**3 + 0 - 25*d**2 - p*d**4. What is o(-4)?
4
Let o(t) = t**2 - t + 3. Suppose -l = 3*c - 7, -c - 10*l + 6*l = 5. What is o(c)?
9
Let t(p) be the first derivative of -2*p**2 - p + 23. Let l(u) = -u + 30. Let b be l(10). Suppose 5*g - 4*d + b = d, g + 5*d = 2. Calculate t(g).
11
Let q(y) = -8*y + 7. Let z(r) = 47*r - 40. Let t(a) = 